{"id":293,"date":"2014-01-04T10:18:13","date_gmt":"2014-01-04T09:18:13","guid":{"rendered":"http:\/\/www.elasto.hr\/?page_id=293"},"modified":"2026-01-20T10:15:10","modified_gmt":"2026-01-20T09:15:10","slug":"manzeta-tip-m6","status":"publish","type":"page","link":"https:\/\/elasto.hr\/wordpress\/proizvodi\/manzete\/manzeta-tip-m6\/","title":{"rendered":"<!--:HR-->Man\u017eeta tip M6<!--:-->"},"content":{"rendered":"\t\t<div data-elementor-type=\"wp-page\" data-elementor-id=\"293\" class=\"elementor elementor-293\">\n\t\t\t\t\t\t<section class=\"elementor-section elementor-top-section elementor-element elementor-element-1b14d1ee elementor-section-boxed elementor-section-height-default elementor-section-height-default\" data-id=\"1b14d1ee\" data-element_type=\"section\">\n\t\t\t\t\t\t<div class=\"elementor-container elementor-column-gap-default\">\n\t\t\t\t\t<div class=\"elementor-column elementor-col-100 elementor-top-column elementor-element elementor-element-b71c737\" data-id=\"b71c737\" data-element_type=\"column\">\n\t\t\t<div class=\"elementor-widget-wrap elementor-element-populated\">\n\t\t\t\t\t\t<div class=\"elementor-element elementor-element-793c80f elementor-widget elementor-widget-text-editor\" data-id=\"793c80f\" data-element_type=\"widget\" data-widget_type=\"text-editor.default\">\n\t\t\t\t<div class=\"elementor-widget-container\">\n\t\t\t\t\t\t\t\t\t<h5><a href=\"http:\/\/elasto.hr\/wordpress\/wp-content\/uploads\/2014\/05\/M6.jpg\"><img decoding=\"async\" class=\"alignleft wp-image-733\" src=\"http:\/\/elasto.hr\/wordpress\/wp-content\/uploads\/2014\/05\/M6.jpg\" alt=\"M6\" width=\"200\" height=\"200\" srcset=\"https:\/\/elasto.hr\/wordpress\/wp-content\/uploads\/2014\/05\/M6.jpg 250w, https:\/\/elasto.hr\/wordpress\/wp-content\/uploads\/2014\/05\/M6-150x150.jpg 150w\" sizes=\"(max-width: 200px) 100vw, 200px\" \/><\/a>OPIS PROIZVODA<\/h5><p>Man\u017eete tipa M6 namjenjene su isklju\u010divo vanjskom brtvljenju u hidrauli\u010dkim cilindrima (vanjski promjer proizvoda je radni, dok unutranji promjer miruje u odnosu na strojni dio na koji je ugra\u0111en). Man\u017eeta tipa M6 je dvodjelni proizvod koji se sastoji od gumenog brtvenog elementa i za\u0161titnog poliacetalskog prstena smje\u0161tenog uz vanjski promjer u peti proizvoda.<\/p><h5>PREDNOSTI PROIZVODA<\/h5><p>Man\u017eete tipa M6 namjenjene su ugradnji u hidrauli\u010dke cilindre koji su izlo\u017eeni umjerenim do te\u0161kim uvijetima rada, vi\u0161im radnim tlakovima, te kratkotrajnom naglom porastu tlaka u sustavu. Zahvaljuju\u0107i za\u0161titnom elementu man\u017eete tipa M6 pokazuju iznimnu otpornost i trajnost \u010dak i u nesavr\u0161enim radnim uvijetima.<\/p><h5>MATERIJALI IZRADE<\/h5><p>&#8211; NBR+POM<br \/>&#8211; FKM+PTFE<\/p><h5>PRIMJENA I PREDVI\u0110ENI RADNI UVIJETI<\/h5><p>Hidraulika, pneumatika<br \/>Radni tlak: do 300 bara<br \/>Radne brzine: 0,5 m\/s<br \/>Radne temperature: -30\u00b0C do +110\u00b0C<!--:--><!--:en--><\/p><h5><br \/><!--:--><\/h5>\t\t\t\t\t\t\t\t<\/div>\n\t\t\t\t<\/div>\n\t\t\t\t\t<\/div>\n\t\t<\/div>\n\t\t\t\t\t<\/div>\n\t\t<\/section>\n\t\t\t\t<\/div>\n\t\t","protected":false},"excerpt":{"rendered":"<p>OPIS PROIZVODA Man\u017eete tipa M6 namjenjene su isklju\u010divo vanjskom brtvljenju u hidrauli\u010dkim cilindrima (vanjski promjer proizvoda je radni, dok unutranji promjer miruje u odnosu na strojni dio na koji je ugra\u0111en). Man\u017eeta tipa M6 je dvodjelni proizvod koji se sastoji od gumenog brtvenog elementa i za\u0161titnog poliacetalskog prstena smje\u0161tenog uz vanjski promjer u peti proizvoda. PREDNOSTI PROIZVODA Man\u017eete tipa M6 namjenjene su ugradnji u hidrauli\u010dke cilindre koji su izlo\u017eeni umjerenim do te\u0161kim uvijetima rada, vi\u0161im radnim tlakovima, te kratkotrajnom naglom porastu tlaka u sustavu. Zahvaljuju\u0107i za\u0161titnom elementu man\u017eete tipa M6 pokazuju iznimnu otpornost i trajnost \u010dak i u nesavr\u0161enim radnim uvijetima. MATERIJALI IZRADE &#8211; NBR+POM&#8211; FKM+PTFE PRIMJENA I PREDVI\u0110ENI RADNI UVIJETI Hidraulika, pneumatikaRadni tlak: do 300 baraRadne brzine: 0,5 m\/sRadne temperature: -30\u00b0C do +110\u00b0C<\/p>\n","protected":false},"author":1,"featured_media":0,"parent":345,"menu_order":0,"comment_status":"closed","ping_status":"closed","template":"","meta":{"footnotes":""},"class_list":["post-293","page","type-page","status-publish","hentry"],"_links":{"self":[{"href":"https:\/\/elasto.hr\/wordpress\/wp-json\/wp\/v2\/pages\/293","targetHints":{"allow":["GET"]}}],"collection":[{"href":"https:\/\/elasto.hr\/wordpress\/wp-json\/wp\/v2\/pages"}],"about":[{"href":"https:\/\/elasto.hr\/wordpress\/wp-json\/wp\/v2\/types\/page"}],"author":[{"embeddable":true,"href":"https:\/\/elasto.hr\/wordpress\/wp-json\/wp\/v2\/users\/1"}],"replies":[{"embeddable":true,"href":"https:\/\/elasto.hr\/wordpress\/wp-json\/wp\/v2\/comments?post=293"}],"version-history":[{"count":14,"href":"https:\/\/elasto.hr\/wordpress\/wp-json\/wp\/v2\/pages\/293\/revisions"}],"predecessor-version":[{"id":1356,"href":"https:\/\/elasto.hr\/wordpress\/wp-json\/wp\/v2\/pages\/293\/revisions\/1356"}],"up":[{"embeddable":true,"href":"https:\/\/elasto.hr\/wordpress\/wp-json\/wp\/v2\/pages\/345"}],"wp:attachment":[{"href":"https:\/\/elasto.hr\/wordpress\/wp-json\/wp\/v2\/media?parent=293"}],"curies":[{"name":"wp","href":"https:\/\/api.w.org\/{rel}","templated":true}]}}