{"id":33,"date":"2013-12-28T12:14:45","date_gmt":"2013-12-28T11:14:45","guid":{"rendered":"http:\/\/elasto.hr\/wordpress\/?page_id=33"},"modified":"2026-01-19T09:18:21","modified_gmt":"2026-01-19T08:18:21","slug":"proizvodi","status":"publish","type":"page","link":"https:\/\/elasto.hr\/wordpress\/proizvodi\/","title":{"rendered":"<!--:HR-->Proizvodi<!--:-->"},"content":{"rendered":"\t\t<div data-elementor-type=\"wp-page\" data-elementor-id=\"33\" class=\"elementor elementor-33\">\n\t\t\t\t\t\t<section class=\"elementor-section elementor-top-section elementor-element elementor-element-5813458e elementor-section-boxed elementor-section-height-default elementor-section-height-default\" data-id=\"5813458e\" data-element_type=\"section\">\n\t\t\t\t\t\t<div class=\"elementor-container elementor-column-gap-default\">\n\t\t\t\t\t<div class=\"elementor-column elementor-col-100 elementor-top-column elementor-element elementor-element-1207c89f\" data-id=\"1207c89f\" data-element_type=\"column\">\n\t\t\t<div class=\"elementor-widget-wrap elementor-element-populated\">\n\t\t\t\t\t\t<div class=\"elementor-element elementor-element-4c77dc57 animated-slow elementor-invisible elementor-widget elementor-widget-text-editor\" data-id=\"4c77dc57\" data-element_type=\"widget\" data-settings=\"{&quot;_animation&quot;:&quot;fadeInRight&quot;,&quot;_animation_delay&quot;:400}\" data-widget_type=\"text-editor.default\">\n\t\t\t\t<div class=\"elementor-widget-container\">\n\t\t\t\t\t\t\t\t\t<!--:HR--><strong>Brtveni elementi za hidrauli\u010dke sustave<\/strong>\n<p style=\"text-align: justify;\"><a href=\"http:\/\/www.elasto.hr\/proizvodi\/brtveni-elementi-za-hidraulicke-sustave\/\"><img decoding=\"async\" class=\"alignleft  wp-image-238\" src=\"http:\/\/elasto.hr\/wordpress\/wp-content\/uploads\/2014\/01\/Presentation_Widget_03.jpg\" alt=\"Presentation_Widget_03\" width=\"203\" height=\"96\" srcset=\"https:\/\/elasto.hr\/wordpress\/wp-content\/uploads\/2014\/01\/Presentation_Widget_03.jpg 318w, https:\/\/elasto.hr\/wordpress\/wp-content\/uploads\/2014\/01\/Presentation_Widget_03-300x141.jpg 300w, https:\/\/elasto.hr\/wordpress\/wp-content\/uploads\/2014\/01\/Presentation_Widget_03-250x117.jpg 250w, https:\/\/elasto.hr\/wordpress\/wp-content\/uploads\/2014\/01\/Presentation_Widget_03-150x70.jpg 150w\" sizes=\"(max-width: 203px) 100vw, 203px\" \/><\/a>Proizvodimo sve vrste brtvenih elemenata koji se mogu na\u0107i u hidrauli\u010dkim sustavima, od onih najjednostavnijih do vrlo kompleksnih namjenjenih najzahtjevnijim radnim uvjetima. Za sve detalje o na\u0161im proizvodima molimo Vas da pogledate <em><strong><a href=\"http:\/\/www.elasto.hr\/Files\/Elasto_2013_Katalog.pdf\">katalog proizvoda<\/a><\/strong><\/em>\u00a0 u kojem \u0107ete na\u0107i sve o primjeni, predvi\u0111enim radnim uvijetima, tehni\u010dkim karakteristikama i dimenzijama na\u0161ih proizvoda.<\/p>\n<p style=\"text-align: justify;\">Brtveni elementi iz na\u0161e lepeze proizvoda predstavljaju optimalno rje\u0161enje svih problema brtvljenja u hidrauli\u010dkim sustavima u podru\u010dju niskih, srednjih, visokih i vrlo visokih radnih tlakova, te u ekstremno te\u0161kim uvijetima rada. Elasto d.o.o. uspje\u0161no odgovara na potrebe tr\u017ei\u0161ta brtvenih elemenata zahvaljuju\u0107i na\u0161em neprekidnom predanom radu na usavr\u0161avanju na\u0161ih proizvoda, te uvo\u0111enju novih kvalitetnih rje\u0161enja kao odgovor na postavljene zahtjeve.<\/p>\n<strong>Specijalni proizvodi<\/strong>\n<p style=\"text-align: justify;\"><a href=\"http:\/\/www.elasto.hr\/proizvodi\/specijalni-proizvodi\/\"><img decoding=\"async\" class=\"alignleft  wp-image-237\" src=\"http:\/\/elasto.hr\/wordpress\/wp-content\/uploads\/2014\/01\/Presentation_Widget_02.jpg\" alt=\"Presentation_Widget_02\" width=\"203\" height=\"96\" srcset=\"https:\/\/elasto.hr\/wordpress\/wp-content\/uploads\/2014\/01\/Presentation_Widget_02.jpg 318w, https:\/\/elasto.hr\/wordpress\/wp-content\/uploads\/2014\/01\/Presentation_Widget_02-300x141.jpg 300w, https:\/\/elasto.hr\/wordpress\/wp-content\/uploads\/2014\/01\/Presentation_Widget_02-250x117.jpg 250w, https:\/\/elasto.hr\/wordpress\/wp-content\/uploads\/2014\/01\/Presentation_Widget_02-150x70.jpg 150w\" sizes=\"(max-width: 203px) 100vw, 203px\" \/><\/a>Ova grupa proizvoda predstavlja vrlo \u0161iroku lepezu najrazli\u010ditijih proizvoda proizvedenih od elastomera (samostalno ili u kombinaciji sa drugim materijalima) prema jasno postavljenim zahtjevima na\u0161ih klijenata ili prema na\u0161im konstruktivnim rje\u0161enjima nastalima na temelju op\u0107enito postavljenih zahtjeva. Posebno je va\u017eno napomenuti da prema zahtjevima klijenata mo\u017eemo proizvesti prakti\u010dno bilo koji proizvod koji \u0107e sigurno zadovoljiti i najzahtjevnije primjene.<\/p>\n<p style=\"text-align: justify;\">Ukoliko imate potrebu za nekim proizvodom iz ove grupe molimo Vas da nas kontaktirate kako bismo pomogli u rje\u0161avanju Va\u0161eg problema. Kao pripadnike ove grupe proizvoda mo\u017eemo navesti specijalne brtvene elemente, spojni\u010dke ulo\u0161ke, membrane, amortizere, odbojnike, za\u0161titne harmonike, \u0161titnike i td.<\/p>\n<!--:--><!--:en--><strong>Sealing elements for hydraulic systems<\/strong>\n<p style=\"text-align: justify;\"><a href=\"http:\/\/www.elasto.hr\/proizvodi\/brtveni-elementi-za-hidraulicke-sustave\/\"><img decoding=\"async\" class=\"alignleft  wp-image-238\" src=\"http:\/\/elasto.hr\/wordpress\/wp-content\/uploads\/2014\/01\/Presentation_Widget_03.jpg\" alt=\"Presentation_Widget_03\" width=\"203\" height=\"96\" srcset=\"https:\/\/elasto.hr\/wordpress\/wp-content\/uploads\/2014\/01\/Presentation_Widget_03.jpg 318w, https:\/\/elasto.hr\/wordpress\/wp-content\/uploads\/2014\/01\/Presentation_Widget_03-300x141.jpg 300w, https:\/\/elasto.hr\/wordpress\/wp-content\/uploads\/2014\/01\/Presentation_Widget_03-250x117.jpg 250w, https:\/\/elasto.hr\/wordpress\/wp-content\/uploads\/2014\/01\/Presentation_Widget_03-150x70.jpg 150w\" sizes=\"(max-width: 203px) 100vw, 203px\" \/><\/a><\/p>\nWe produce wide range of sealing elements which can be found in hydraulic systems, ranging from the simplest to the most complex intended for the most demanding operating conditions. For all the details about our products please refer to <a href=\"http:\/\/www.elasto.hr\/Files\/Elasto_2013_Katalog.pdf\">Product Catalog<\/a> where you will find all of the application, the intended operating conditions, technical characteristics and dimensions of our products.\n\nSealing elements from our range of products are the optimal solution of the problem of sealing in hydraulic systems in the area of low, medium, high and very high operating pressures, and the extremely difficult operating conditions. Elasto ltd. successfully respond to market needs for sealing elements, thanks to our continuous dedicated work on improving our products, and the introduction of new high-quality solutions in response to the placed requirements.\n\n<strong>Special products and tailor made products<\/strong>\n<p style=\"text-align: justify;\"><a href=\"http:\/\/www.elasto.hr\/proizvodi\/specijalni-proizvodi\/\"><img decoding=\"async\" class=\"alignleft  wp-image-237\" src=\"http:\/\/elasto.hr\/wordpress\/wp-content\/uploads\/2014\/01\/Presentation_Widget_02.jpg\" alt=\"Presentation_Widget_02\" width=\"203\" height=\"96\" srcset=\"https:\/\/elasto.hr\/wordpress\/wp-content\/uploads\/2014\/01\/Presentation_Widget_02.jpg 318w, https:\/\/elasto.hr\/wordpress\/wp-content\/uploads\/2014\/01\/Presentation_Widget_02-300x141.jpg 300w, https:\/\/elasto.hr\/wordpress\/wp-content\/uploads\/2014\/01\/Presentation_Widget_02-250x117.jpg 250w, https:\/\/elasto.hr\/wordpress\/wp-content\/uploads\/2014\/01\/Presentation_Widget_02-150x70.jpg 150w\" sizes=\"(max-width: 203px) 100vw, 203px\" \/><\/a><\/p>\nThis is group of a very wide range of different products manufactured from elastomers (alone or in combination with other materials). It is especially important to notice that, according to the requirements of clients, we can produce virtually any product that will surely satisfy even the most demanding applications.\n\nIf you have a need for a product from this group, please contact us to help you solve your problem. As members of this group we can specify special sealing elements, membranes, shock absorbers, bumpers, protective accordion, shields, etc.<!--:-->\t\t\t\t\t\t\t\t<\/div>\n\t\t\t\t<\/div>\n\t\t\t\t\t<\/div>\n\t\t<\/div>\n\t\t\t\t\t<\/div>\n\t\t<\/section>\n\t\t\t\t<\/div>\n\t\t","protected":false},"excerpt":{"rendered":"<p>Brtveni elementi za hidrauli\u010dke sustave Proizvodimo sve vrste brtvenih elemenata koji se mogu na\u0107i u hidrauli\u010dkim sustavima, od onih najjednostavnijih do vrlo kompleksnih namjenjenih najzahtjevnijim radnim uvjetima. Za sve detalje o na\u0161im proizvodima molimo Vas da pogledate katalog proizvoda\u00a0 u kojem \u0107ete na\u0107i sve o primjeni, predvi\u0111enim radnim uvijetima, tehni\u010dkim karakteristikama i dimenzijama na\u0161ih proizvoda. Brtveni elementi iz na\u0161e lepeze proizvoda predstavljaju optimalno rje\u0161enje svih problema brtvljenja u hidrauli\u010dkim sustavima u podru\u010dju niskih, srednjih, visokih i vrlo visokih radnih tlakova, te u ekstremno te\u0161kim uvijetima rada. Elasto d.o.o. uspje\u0161no odgovara na potrebe tr\u017ei\u0161ta brtvenih elemenata zahvaljuju\u0107i na\u0161em neprekidnom predanom radu na usavr\u0161avanju na\u0161ih proizvoda, te uvo\u0111enju novih kvalitetnih rje\u0161enja kao odgovor na postavljene zahtjeve. Specijalni proizvodi Ova grupa proizvoda predstavlja vrlo \u0161iroku lepezu najrazli\u010ditijih proizvoda proizvedenih od elastomera (samostalno ili u kombinaciji sa drugim materijalima) prema jasno postavljenim zahtjevima na\u0161ih klijenata ili prema na\u0161im konstruktivnim rje\u0161enjima nastalima na temelju op\u0107enito postavljenih zahtjeva. Posebno je va\u017eno napomenuti da prema zahtjevima klijenata mo\u017eemo proizvesti prakti\u010dno bilo koji proizvod koji \u0107e sigurno zadovoljiti i najzahtjevnije primjene. Ukoliko imate potrebu za nekim proizvodom iz ove grupe molimo Vas da nas kontaktirate kako bismo pomogli u rje\u0161avanju Va\u0161eg problema. Kao pripadnike ove grupe proizvoda mo\u017eemo [&hellip;]<\/p>\n","protected":false},"author":1,"featured_media":0,"parent":0,"menu_order":0,"comment_status":"closed","ping_status":"closed","template":"","meta":{"footnotes":""},"class_list":["post-33","page","type-page","status-publish","hentry"],"_links":{"self":[{"href":"https:\/\/elasto.hr\/wordpress\/wp-json\/wp\/v2\/pages\/33","targetHints":{"allow":["GET"]}}],"collection":[{"href":"https:\/\/elasto.hr\/wordpress\/wp-json\/wp\/v2\/pages"}],"about":[{"href":"https:\/\/elasto.hr\/wordpress\/wp-json\/wp\/v2\/types\/page"}],"author":[{"embeddable":true,"href":"https:\/\/elasto.hr\/wordpress\/wp-json\/wp\/v2\/users\/1"}],"replies":[{"embeddable":true,"href":"https:\/\/elasto.hr\/wordpress\/wp-json\/wp\/v2\/comments?post=33"}],"version-history":[{"count":36,"href":"https:\/\/elasto.hr\/wordpress\/wp-json\/wp\/v2\/pages\/33\/revisions"}],"predecessor-version":[{"id":1202,"href":"https:\/\/elasto.hr\/wordpress\/wp-json\/wp\/v2\/pages\/33\/revisions\/1202"}],"wp:attachment":[{"href":"https:\/\/elasto.hr\/wordpress\/wp-json\/wp\/v2\/media?parent=33"}],"curies":[{"name":"wp","href":"https:\/\/api.w.org\/{rel}","templated":true}]}}