{"id":358,"date":"2014-01-04T11:12:09","date_gmt":"2014-01-04T10:12:09","guid":{"rendered":"http:\/\/www.elasto.hr\/?page_id=358"},"modified":"2026-01-20T10:27:48","modified_gmt":"2026-01-20T09:27:48","slug":"brtveni-elementi-za-hidraulicke-sustave","status":"publish","type":"page","link":"https:\/\/elasto.hr\/wordpress\/proizvodi\/brtveni-elementi-za-hidraulicke-sustave\/","title":{"rendered":"<!--:HR-->Brtveni elementi za hidrauli\u010dke sustave<!--:-->"},"content":{"rendered":"\t\t<div data-elementor-type=\"wp-page\" data-elementor-id=\"358\" class=\"elementor elementor-358\">\n\t\t\t\t\t\t<section class=\"elementor-section elementor-top-section elementor-element elementor-element-59540e8c elementor-section-boxed elementor-section-height-default elementor-section-height-default\" data-id=\"59540e8c\" data-element_type=\"section\">\n\t\t\t\t\t\t<div class=\"elementor-container elementor-column-gap-default\">\n\t\t\t\t\t<div class=\"elementor-column elementor-col-100 elementor-top-column elementor-element elementor-element-1ca1aebc\" data-id=\"1ca1aebc\" data-element_type=\"column\">\n\t\t\t<div class=\"elementor-widget-wrap elementor-element-populated\">\n\t\t\t\t\t\t<div class=\"elementor-element elementor-element-60ff9532 animated-slow elementor-invisible elementor-widget elementor-widget-text-editor\" data-id=\"60ff9532\" data-element_type=\"widget\" data-settings=\"{&quot;_animation&quot;:&quot;fadeInRight&quot;,&quot;_animation_delay&quot;:400}\" data-widget_type=\"text-editor.default\">\n\t\t\t\t<div class=\"elementor-widget-container\">\n\t\t\t\t\t\t\t\t\t<ul><li><h5><a title=\"O-Prsten\" href=\"http:\/\/www.elasto.hr\/proizvodi\/o-prsten-2\/\">O-Prsten<\/a><\/h5><\/li><li><h5>Brisa\u010di pra\u0161ine<\/h5><ul><li><a title=\"Brisa\u010d pra\u0161ine tip P1\" href=\"http:\/\/www.elasto.hr\/proizvodi\/brisaci-prasine\/brisac-prasine-tip-p1\/\">Brisa\u010d pra\u0161ine tip P1<\/a><\/li><li><a title=\"Brisa\u010d pra\u0161ine tip P2\" href=\"http:\/\/www.elasto.hr\/proizvodi\/brisaci-prasine\/brisac-prasine-tip-p2\/\">Brisa\u010d pra\u0161ine tip P2<\/a><\/li><li><a title=\"Brisa\u010d pra\u0161ine tip P3\" href=\"http:\/\/www.elasto.hr\/proizvodi\/brisaci-prasine\/brisac-prasine-tip-p3\/\">Brisa\u010d pra\u0161ine tip P3<\/a><\/li><\/ul><\/li><li><h5>Man\u017eete<\/h5><ul><li><a title=\"Man\u017eeta tip M1\" href=\"http:\/\/www.elasto.hr\/proizvodi\/manzete\/manzeta-tip-m1\/\">Man\u017eeta tip M1<\/a><\/li><li><a title=\"Man\u017eeta tip M2\" href=\"http:\/\/www.elasto.hr\/proizvodi\/manzete\/manzeta-tip-m2\/\">Man\u017eeta tip M2<\/a><\/li><li><a title=\"Man\u017eeta tip M3\" href=\"http:\/\/www.elasto.hr\/proizvodi\/manzete\/manzeta-tip-m3\/\">Man\u017eeta tip M3<\/a><\/li><li><a title=\"Man\u017eeta tip M4\" href=\"http:\/\/www.elasto.hr\/proizvodi\/manzete\/manzeta-tip-m4\/\">Man\u017eeta tip M4<\/a><\/li><li><a title=\"Man\u017eeta tip M5\" href=\"http:\/\/www.elasto.hr\/proizvodi\/manzete\/manzeta-tip-m5\/\">Man\u017eeta tip M5<\/a><\/li><li><a title=\"Man\u017eeta tip M6\" href=\"http:\/\/www.elasto.hr\/proizvodi\/manzete\/manzeta-tip-m6\/\">Man\u017eeta tip M6<\/a><\/li><\/ul><\/li><li><h5>Kompaktna brtvila<\/h5><ul><li><a title=\"Kompaktno brtvilo tip KBT-A\" href=\"http:\/\/www.elasto.hr\/proizvodi\/kompaktna-brtvila\/kompaktno-brtvilo-tip-kbt-a\/\">Kompaktno brtvilo tip KBT-A<\/a><\/li><li><a title=\"Kompaktno brtvilo tip KBT-B\" href=\"http:\/\/www.elasto.hr\/proizvodi\/kompaktna-brtvila\/kompaktno-brtvilo-tip-kbt-b\/\">Kompaktno brtvilo tip KBT-B<\/a><\/li><\/ul><\/li><li><h5>Brtveni sklopovi<\/h5><ul><li><a title=\"Brtveni sklop tip E1\" href=\"http:\/\/www.elasto.hr\/proizvodi\/brtveni-sklopovi\/brtveni-sklop-tip-e1\/\">Brtveni sklop tip E1<\/a><\/li><li><a title=\"Brtveni sklop tip E2\" href=\"http:\/\/www.elasto.hr\/proizvodi\/brtveni-sklopovi\/brtveni-sklop-tip-e2\/\">Brtveni sklop tip E2<\/a><\/li><li><a title=\"Brtveni sklop tip E3\" href=\"http:\/\/www.elasto.hr\/proizvodi\/brtveni-sklopovi\/brtveni-sklop-e3\/\">Brtveni sklop tip E3<\/a><\/li><li><a title=\"Brtveni sklop tip G11\" href=\"http:\/\/www.elasto.hr\/proizvodi\/brtveni-sklopovi\/brtveni-sklop-tip-g11\/\">Brtveni sklop tip G11<\/a><\/li><\/ul><\/li><li><h5>PTFE Brtveni sklopovi<\/h5><ul><li><a title=\"PTFE brtveni sklop tip PBS-V\" href=\"http:\/\/www.elasto.hr\/proizvodi\/ptfe-brtveni-sklopovi\/ptfe-brtveni-sklop-tip-pbs-v\/\">PTFE brtveni sklop tip PBS-U<\/a><\/li><li><a title=\"PTFE brtveni sklop tip PBS-V\" href=\"http:\/\/www.elasto.hr\/proizvodi\/ptfe-brtveni-sklopovi\/ptfe-brtveni-sklop-tip-pbs-v\/\">PTFE brtveni sklop tip PBS-V<\/a><\/li><li><a title=\"PTFE brtveni sklop tip RBS-U\" href=\"http:\/\/www.elasto.hr\/proizvodi\/ptfe-brtveni-sklopovi\/ptfe-brtveni-sklop-tip-rbs-u\/\">PTFE brtveni sklop tip RBS-U<\/a><\/li><\/ul><\/li><li><h5><a title=\"Vode\u0107i prsten\" href=\"http:\/\/www.elasto.hr\/proizvodi\/vodeci-prsten\/\">Vode\u0107i prsten<\/a><\/h5><\/li><li><h5><a title=\"MG Prsten\" href=\"http:\/\/www.elasto.hr\/proizvodi\/mg-prsten\/\">MG Prsten<\/a><\/h5><\/li><li><h5><a title=\"Q-Prsten\" href=\"http:\/\/www.elasto.hr\/proizvodi\/q-prsten\/\">Q-Prsten<\/a><\/h5><\/li><li><h5><a title=\"Brtvene garniture\" href=\"http:\/\/www.elasto.hr\/proizvodi\/brtvene-garniture\/\">Brtvene garniture<\/a><\/h5><\/li><\/ul><p><!--:--><!--:en--><\/p><p><!--:--><\/p>\t\t\t\t\t\t\t\t<\/div>\n\t\t\t\t<\/div>\n\t\t\t\t\t<\/div>\n\t\t<\/div>\n\t\t\t\t\t<\/div>\n\t\t<\/section>\n\t\t\t\t<\/div>\n\t\t","protected":false},"excerpt":{"rendered":"<p>O-Prsten Brisa\u010di pra\u0161ine Brisa\u010d pra\u0161ine tip P1 Brisa\u010d pra\u0161ine tip P2 Brisa\u010d pra\u0161ine tip P3 Man\u017eete Man\u017eeta tip M1 Man\u017eeta tip M2 Man\u017eeta tip M3 Man\u017eeta tip M4 Man\u017eeta tip M5 Man\u017eeta tip M6 Kompaktna brtvila Kompaktno brtvilo tip KBT-A Kompaktno brtvilo tip KBT-B Brtveni sklopovi Brtveni sklop tip E1 Brtveni sklop tip E2 Brtveni sklop tip E3 Brtveni sklop tip G11 PTFE Brtveni sklopovi PTFE brtveni sklop tip PBS-U PTFE brtveni sklop tip PBS-V PTFE brtveni sklop tip RBS-U Vode\u0107i prsten MG Prsten Q-Prsten Brtvene garniture<\/p>\n","protected":false},"author":1,"featured_media":0,"parent":33,"menu_order":0,"comment_status":"closed","ping_status":"closed","template":"","meta":{"footnotes":""},"class_list":["post-358","page","type-page","status-publish","hentry"],"_links":{"self":[{"href":"https:\/\/elasto.hr\/wordpress\/wp-json\/wp\/v2\/pages\/358","targetHints":{"allow":["GET"]}}],"collection":[{"href":"https:\/\/elasto.hr\/wordpress\/wp-json\/wp\/v2\/pages"}],"about":[{"href":"https:\/\/elasto.hr\/wordpress\/wp-json\/wp\/v2\/types\/page"}],"author":[{"embeddable":true,"href":"https:\/\/elasto.hr\/wordpress\/wp-json\/wp\/v2\/users\/1"}],"replies":[{"embeddable":true,"href":"https:\/\/elasto.hr\/wordpress\/wp-json\/wp\/v2\/comments?post=358"}],"version-history":[{"count":23,"href":"https:\/\/elasto.hr\/wordpress\/wp-json\/wp\/v2\/pages\/358\/revisions"}],"predecessor-version":[{"id":1386,"href":"https:\/\/elasto.hr\/wordpress\/wp-json\/wp\/v2\/pages\/358\/revisions\/1386"}],"up":[{"embeddable":true,"href":"https:\/\/elasto.hr\/wordpress\/wp-json\/wp\/v2\/pages\/33"}],"wp:attachment":[{"href":"https:\/\/elasto.hr\/wordpress\/wp-json\/wp\/v2\/media?parent=358"}],"curies":[{"name":"wp","href":"https:\/\/api.w.org\/{rel}","templated":true}]}}